{"id":60,"date":"2015-05-22T07:46:39","date_gmt":"2015-05-22T07:46:39","guid":{"rendered":"http:\/\/pds.puertadelsol-ev.de\/?page_id=60"},"modified":"2018-09-23T19:31:21","modified_gmt":"2018-09-23T19:31:21","slug":"rinconcito-boliviano","status":"publish","type":"page","link":"https:\/\/www.puertadelsol-ev.de\/de\/eventos\/rinconcito-boliviano\/","title":{"rendered":"Rinconcito Boliviano"},"content":{"rendered":"<p><img decoding=\"async\" loading=\"lazy\" class=\"aligncenter wp-image-258\" src=\"http:\/\/pds.puertadelsol-ev.de\/wp-content\/uploads\/2018\/04\/logo-300x125.png\" alt=\"\" width=\"388\" height=\"162\" srcset=\"https:\/\/www.puertadelsol-ev.de\/wp-content\/uploads\/2018\/04\/logo-300x125.png 300w, https:\/\/www.puertadelsol-ev.de\/wp-content\/uploads\/2018\/04\/logo-768x321.png 768w, https:\/\/www.puertadelsol-ev.de\/wp-content\/uploads\/2018\/04\/logo-1024x428.png 1024w, https:\/\/www.puertadelsol-ev.de\/wp-content\/uploads\/2018\/04\/logo.png 1062w\" sizes=\"(max-width: 388px) 100vw, 388px\" \/><\/p>\n<p>Der interkulturelle Austausch ist ein wichtiger Teil des Vereins. Die Aktivit\u00e4ten welche f\u00fcr den Rinconcito Boliviano (sinngem\u00e4\u00df dt. &#8222;bolivianischer Stammtisch&#8220;) organisiert werden, f\u00f6rdern in einem \u00f6ffentlich zug\u00e4nglichen Umfeld diesen Austausch.<\/p>\n<p><iframe loading=\"lazy\" src=\"https:\/\/www.youtube.com\/embed\/ybbyQqQZkp4\" width=\"560\" height=\"315\" frameborder=\"0\" allowfullscreen=\"allowfullscreen\" data-mce-fragment=\"1\"><\/iframe><\/p>\n","protected":false},"excerpt":{"rendered":"<p>Der interkulturelle Austausch ist ein wichtiger Teil des Vereins. Die Aktivit\u00e4ten welche f\u00fcr den Rinconcito Boliviano (sinngem\u00e4\u00df dt. &#8222;bolivianischer Stammtisch&#8220;) organisiert werden, f\u00f6rdern in einem \u00f6ffentlich zug\u00e4nglichen Umfeld diesen Austausch.<\/p>\n","protected":false},"author":1,"featured_media":0,"parent":38,"menu_order":0,"comment_status":"closed","ping_status":"open","template":"","meta":[],"translation":{"provider":"WPGlobus","version":"3.0.0","language":"de","enabled_languages":["es","de"],"languages":{"es":{"title":true,"content":true,"excerpt":false},"de":{"title":true,"content":true,"excerpt":false}}},"_links":{"self":[{"href":"https:\/\/www.puertadelsol-ev.de\/de\/wp-json\/wp\/v2\/pages\/60"}],"collection":[{"href":"https:\/\/www.puertadelsol-ev.de\/de\/wp-json\/wp\/v2\/pages"}],"about":[{"href":"https:\/\/www.puertadelsol-ev.de\/de\/wp-json\/wp\/v2\/types\/page"}],"author":[{"embeddable":true,"href":"https:\/\/www.puertadelsol-ev.de\/de\/wp-json\/wp\/v2\/users\/1"}],"replies":[{"embeddable":true,"href":"https:\/\/www.puertadelsol-ev.de\/de\/wp-json\/wp\/v2\/comments?post=60"}],"version-history":[{"count":9,"href":"https:\/\/www.puertadelsol-ev.de\/de\/wp-json\/wp\/v2\/pages\/60\/revisions"}],"predecessor-version":[{"id":565,"href":"https:\/\/www.puertadelsol-ev.de\/de\/wp-json\/wp\/v2\/pages\/60\/revisions\/565"}],"up":[{"embeddable":true,"href":"https:\/\/www.puertadelsol-ev.de\/de\/wp-json\/wp\/v2\/pages\/38"}],"wp:attachment":[{"href":"https:\/\/www.puertadelsol-ev.de\/de\/wp-json\/wp\/v2\/media?parent=60"}],"curies":[{"name":"wp","href":"https:\/\/api.w.org\/{rel}","templated":true}]}}

<p><img decoding="async" loading="lazy" class="aligncenter wp-image-258" src="http://pds.puertadelsol-ev.de/wp-content/uploads/2018/04/logo-300x125.png" alt="" width="388" height="162" srcset="https://www.puertadelsol-ev.de/wp-content/uploads/2018/04/logo-300x125.png 300w, https://www.puertadelsol-ev.de/wp-content/uploads/2018/04/logo-768x321.png 768w, https://www.puertadelsol-ev.de/wp-content/uploads/2018/04/logo-1024x428.png 1024w, https://www.puertadelsol-ev.de/wp-content/uploads/2018/04/logo.png 1062w" sizes="(max-width: 388px) 100vw, 388px" /></p>
<p>Der interkulturelle Austausch ist ein wichtiger Teil des Vereins. Die Aktivitäten welche für den Rinconcito Boliviano (sinngemäß dt. &#8222;bolivianischer Stammtisch&#8220;) organisiert werden, fördern in einem öffentlich zugänglichen Umfeld diesen Austausch.</p>
<p><iframe loading="lazy" src="https://www.youtube.com/embed/ybbyQqQZkp4" width="560" height="315" frameborder="0" allowfullscreen="allowfullscreen" data-mce-fragment="1"></iframe></p>

<p>Der interkulturelle Austausch ist ein wichtiger Teil des Vereins. Die Aktivitäten welche für den Rinconcito Boliviano (sinngemäß dt. &#8222;bolivianischer Stammtisch&#8220;) organisiert werden, fördern in einem öffentlich zugänglichen Umfeld diesen Austausch.</p>
